3
List the prime factors of 11744.
2, 367
What are the prime factors of 5389?
17, 317
What are the prime factors of 10416?
2, 3, 7, 31
List the prime factors of 191.
191
List the prime factors of 63488.
2, 31
What are the prime factors of 28721?
7, 11, 373
What are the prime factors of 175442?
2, 87721
List the prime factors of 661.
661
What are the prime factors of 5588?
2, 11, 127
What are the prime factors of 2101?
11, 191
List the prime factors of 8962.
2, 4481
List the prime factors of 85557.
3, 19, 79
List the prime factors of 105688.
2, 11, 1201
List the prime factors of 14150.
2, 5, 283
List the prime factors of 19940.
2, 5, 997
What are the prime factors of 17736?
2, 3, 739
What are the prime factors of 10362?
2, 3, 11, 157
List the prime factors of 17771.
13, 1367
List the prime factors of 232.
2, 29
List the prime factors of 3372.
2, 3, 281
List the prime factors of 21363.
3, 7121
List the prime factors of 1089.
3, 11
What are the prime factors of 463?
463
List the prime factors of 4245.
3, 5, 283
What are the prime factors of 1671?
3, 557
List the prime factors of 10958.
2, 5479
List the prime factors of 19182.
2, 3, 23, 139
List the prime factors of 7375.
5, 59
What are the prime factors of 73125?
3, 5, 13
What are the prime factors of 13399?
13399
What are the prime factors of 76?
2, 19
What are the prime factors of 14246?
2, 17, 419
List the prime factors of 7909.
11, 719
What are the prime factors of 2115?
3, 5, 47
What are the prime factors of 164429?
164429
What are the prime factors of 67935?
3, 5, 7, 647
List the prime factors of 30530.
2, 5, 43, 71
List the prime factors of 96131.
7, 31, 443
List the prime factors of 4071.
3, 23, 59
List the prime factors of 18370.
2, 5, 11, 167
What are the prime factors of 725?
5, 29
What are the prime factors of 809?
809
What are the prime factors of 78?
2, 3, 13
What are the prime factors of 235?
5, 47
List the prime factors of 11671.
11, 1061
List the prime factors of 35705.
5, 37, 193
List the prime factors of 28939.
43, 673
What are the prime factors of 44150?
2, 5, 883
List the prime factors of 49564.
2, 12391
What are the prime factors of 15208?
2, 1901
List the prime factors of 951.
3, 317
List the prime factors of 1021.
1021
What are the prime factors of 37395?
3, 5, 277
What are the prime factors of 36744?
2, 3, 1531
What are the prime factors of 5107?
5107
List the prime factors of 151565.
5, 30313
List the prime factors of 38901.
3, 12967
What are the prime factors of 874?
2, 19, 23
What are the prime factors of 809?
809
List the prime factors of 29810.
2, 5, 11, 271
List the prime factors of 2511.
3, 31
List the prime factors of 16362.
2, 3, 101
List the prime factors of 1165.
5, 233
List the prime factors of 4567.
4567
What are the prime factors of 795?
3, 5, 53
What are the prime factors of 509?
509
List the prime factors of 7737.
3, 2579
What are the prime factors of 1064?
2, 7, 19
What are the prime factors of 72995?
5, 13, 1123
What are the prime factors of 9366?
2, 3, 7, 223
What are the prime factors of 15754?
2, 7877
List the prime factors of 1875.
3, 5
List the prime factors of 5169.
3, 1723
List the prime factors of 6948.
2, 3, 193
What are the prime factors of 62064?
2, 3, 431
List the prime factors of 773.
773
What are the prime factors of 39306?
2, 3, 6551
List the prime factors of 46428.
2, 3, 53, 73
What are the prime factors of 24957?
3, 47, 59
What are the prime factors of 30833?
11, 2803
What are the prime factors of 1517?
37, 41
List the prime factors of 12373.
12373
List the prime factors of 21492.
2, 3, 199
List the prime factors of 34148.
2, 8537
What are the prime factors of 1026?
2, 3, 19
What are the prime factors of 2690?
2, 5, 269
What are the prime factors of 34540?
2, 5, 11, 157
List the prime factors of 4145.
5, 829
List the prime factors of 48234.
2, 3, 8039
What are the prime factors of 13649?
13649
List the prime factors of 125404.
2, 107, 293
What are the prime factors of 15080?
2, 5, 13, 29
List the prime factors of 80811.
3, 41, 73
What are the prime factors of 2660?
2, 5, 7, 19
What are the prime factors of 2921?
23, 127
List the prime factors of 3167.
3167
List the prime factors of 17180.
2, 5, 859
What are the prime factors of 42180?
2, 3, 5, 19, 37
What are the prime factors of 1575?
3, 5, 7
What are the prime factors of 24177?
3, 8059
What are the prime factors of 18?
2, 3
What are the prime factors of 10882?
2, 5441
What are the prime factors of 4577?
23, 199
List the prime factors of 681.
3, 227
List the prime factors of 64766.
2, 13, 47, 53
What are the prime factors of 3826?
2, 1913
What are the prime factors of 64003?
29, 2207
What are the prime factors of 7552?
2, 59
What are the prime factors of 17478?
2, 3, 971
List the prime factors of 1358.
2, 7, 97
What are the prime factors of 1080?
2, 3, 5
What are the prime factors of 2838?
2, 3, 11, 43
List the prime factors of 3561.
3, 1187
What are the prime factors of 3561?
3, 1187
What are the prime factors of 437?
19, 23
List the prime factors of 180573.
3, 23, 2617
What are the prime factors of 8337?
3, 7, 397
List the prime factors of 1453.
1453
List the prime factors of 5665.
5, 11, 103
List the prime factors of 17471.
17471
List the prime factors of 1642.
2, 821
What are the prime factors of 1761?
3, 587
What are the prime factors of 1136?
2, 71
What are the prime factors of 1915?
5, 383
What are the prime factors of 2650?
2, 5, 53
What are the prime factors of 2129?
2129
What are the prime factors of 8725?
5, 349
List the prime factors of 2543.
2543
What are the prime factors of 15024?
2, 3, 313
What are the prime factors of 41308?
2, 23, 449
List the prime factors of 16691.
16691
List the prime factors of 6147.
3, 683
What are the prime factors of 2390?
2, 5, 239
What are the prime factors of 113855?
5, 7, 3253
List the prime factors of 6569.
6569
List the prime factors of 2135.
5, 7, 61
List the prime factors of 37428.
2, 3, 3119
What are the prime factors of 4333?
7, 619
List the prime factors of 13152.
2, 3, 137
List the prime factors of 11726.
2, 11, 13, 41
What are the prime factors of 868?
2, 7, 31
List the prime factors of 46816.
2, 7, 11, 19
List the prime factors of 12445.
5, 19, 131
What are the prime factors of 775?
5, 31
List the prime factors of 5003.
5003
List the prime factors of 1618.
2, 809
List the prime factors of 2609.
2609
What are the prime factors of 2050?
2, 5, 41
What are the prime factors of 2582?
2, 1291
What are the prime factors of 10187?
61, 167
What are the prime factors of 144678?
2, 3, 24113
List the prime factors of 877.
877
List the prime factors of 11361.
3, 7, 541
What are the prime factors of 59252?
2, 14813
What are the prime factors of 873?
3, 97
List the prime factors of 7861.
7, 1123
List the prime factors of 73147.
193, 379
List the prime factors of 28289.
28289
List the prime factors of 1932.
2, 3, 7, 23
List the prime factors of 7672.
2, 7, 137
List the prime factors of 105946.
2, 52973
What are the prime factors of 67666?
2, 23, 1471
What are the prime factors of 16964?
2, 4241
What are the prime factors of 29193?
3, 37, 263
List the prime factors of 1015.
5, 7, 29
List the prime factors of 2930.
2, 5, 293
What are the prime factors of 16300?
2, 5, 163
List the prime factors of 14487.
3, 11, 439
What are the prime factors of 436?
2, 109
What are the prime factors of 7179?
3, 2393
List the prime factors of 3586.
2, 11, 163
What are the prime factors of 3967?
3967
List the prime factors of 1382.
2, 691
What are the prime factors of 293?
293
What are the prime factors of 4541?
19, 239
List the prime factors of 259.
7, 37
What are the prime factors of 39558?
2, 3, 19, 347
What are the prime factors of 1716?
2, 3, 11, 13
List the prime factors of 3868.
2, 967
What are the prime factors of 3652?
2, 11, 83
List the prime factors of 1252.
2, 313
List the prime factors of 3746.
2, 1873
What are the prime factors of 611?
13, 47
List the prime factors of 144265.
5, 11, 43, 61
List the prime factors of 620.
2, 5, 31
What are the prime factors of 14184?
2, 3, 197
What are the prime factors of 647?
647
What are the prime factors of 3425?
5, 137
What are the prime factors of 3017?
7, 431
List the prime factors of 2770.
2, 5, 277
What are th